 7. Let j(y) = y + 4. Let z(n) = 5*j(n) - 2*s(n). What is z(5)?
1
Suppose -3*s + 6*s = -3. Let o be 1/((-6)/4 + 2). Let r(t) = t**3 - 5*t + 0*t - t**o + 4*t. Give r(s).
-1
Let o(x) = 2*x**2 + 3*x + 1. Let d be o(-2). Suppose m = 2*m + d*t, -12 = 3*m + 3*t. Let i(h) = h**2 + 5*h. Determine i(m).
6
Let d(g) = 6*g**3 + g. Let c(s) = -3*s + 56. Let q be c(19). What is d(q)?
-7
Let s(u) = -u**3 - 6*u**2 - 5*u + 1. Let o = 8 - 3. Let r be -12 + o - (-2 + 0). Give s(r).
1
Let r(c) = -11*c - 9. Let i(g) = -5*g - 4. Let f(k) = -9*i(k) + 4*r(k). Let p(q) = -q + 2. Let w be p(2). Give f(w).
0
Let z(y) = -8*y + 1. Suppose 7*g = 2*g + 55. Suppose -o - 7 = -s + o, g = 5*s - 2*o. Give z(s).
-7
Let p = 10 + -6. Let m(s) = s**3 - 6*s**2 + 5*s + 4. Determine m(p).
-8
Let p(n) = -2*n - 4. Let z(k) = -3*k - 6. Let j(x) = 7*p(x) - 5*z(x). Let q = -20 - -15. What is j(q)?
-3
Let w be (-3)/(-12) - 26/8. Let l(k) = k**3 + 3*k**2 + k + 3. Determine l(w).
0
Let r(v) = v**2 + 8*v + 5. Let l be r(-8). Suppose -4*o + l = -5*g, -3*g = -o + g + 15. Let u(s) = -s - 12. Give u(o).
-7
Let w(r) be the third derivative of -r**5/60 - 7*r**4/24 - 2*r**3/3 + 3*r**2. Suppose 0 = 2*k + 3*k + 25. Determine w(k).
6
Let n(m) = m**2 + m - 1. Let c(x) = -3*x - 8*x**2 + 3*x**2 + 1 + x**2. Let k(v) = c(v) + 2*n(v). Determine k(-2).
-7
Let q(u) = -2*u + 6. Let a(i) = i - 3. Let d(g) = -13*a(g) - 6*q(g). Give d(4).
-1
Let j(o) be the second derivative of 5*o + 1/6*o**3 + 1/2*o**2 + 0. Calculate j(-6).
-5
Let z = 33 + -39. Let l(p) = p**2 + 5*p - 7. Give l(z).
-1
Let w = -2 - -2. Suppose -y + 3 - 1 = w. Let h(x) = -5*x**2 - 3*x + 4*x**y - x**3 + 2*x + 4*x + 2. Calculate h(-2).
0
Let n(b) = -1 + b**2 - 14*b + 45*b - 25*b. Let k be (6/5)/(2/(-10)). Calculate n(k).
-1
Let w(v) be the second derivative of v**3/6 + 2*v**2 + 21*v. Suppose -y = y + 10. Calculate w(y).
-1
Let t(z) = 2*z**2 - 21 - 3*z**2 + 0*z + 10*z + 13. Calculate t(7).
13
Let t(w) = w**3 - 4*w**2 - 2*w + 1. Let r be (2/4)/(1/8). Calculate t(r).
-7
Let c(y) be the second derivative of y**3/6 + 3*y**2/2 - y. Let p be ((-4)/6)/(((-36)/(-6))/54). What is c(p)?
-3
Let g(a) = 14*a**3 + a**2 - 23*a + 15. Let y(x) = -5*x**3 + 8*x - 5. Let w(f) = 4*g(f) + 11*y(f). Determine w(-5).
0
Let p(l) = -6 + 11 + 16*l - 6. Let z be 1/(-2) + 42/(-12) + 5. Determine p(z).
15
Let s = 41 - 36. Let p(h) = -h**3 + 4*h**2 + 4*h + 3. Calculate p(s).
-2
Let d(j) be the first derivative of -3*j**2 - j + 61. Suppose 3*i = -4*z - 4 - 1, -5*z + i = -8. Suppose -u + z = -0*u. Give d(u).
-7
Let x(r) = r + 4. Suppose 3*q = 7 + 5. Suppose 0*h - q = -2*h. Let b be h/1 + 1*-5. Give x(b).
1
Let v(n) = -n**2 - 4*n - 5*n - 3 + 3*n. Let y be v(-5). Let a(s) be the second derivative of s**4/12 - 5*s**3/6 + s**2/2 + s. What is a(y)?
-5
Let w be (-1)/6 - 137/6. Let v be w/4 - (-2)/(-8). Let l(y) = -y - 2. What is l(v)?
4
Let y(h) = -9*h**3 + 13*h**2 + 7*h - 9. Let c(p) = -4*p**3 + 6*p**2 + 3*p - 4. Suppose -8*a = -9*a - 3. Let o(k) = a*y(k) + 7*c(k). What is o(2)?
3
Let p(k) = k**3 + 4*k**2 - 4*k + 3. Let f be p(-5). Let v be ((-3)/f)/(1/2). Let s(b) = -2*b - 2. Determine s(v).
-8
Let z(q) be the second derivative of -q**4/12 - q**3 + q**2 - 8*q. Calculate z(-7).
-5
Let c(y) be the third derivative of y**6/120 + y**5/60 + y**3/6 - 5*y**2. Let h(z) = 5*z**3 + 6*z**2 + 3. Let t(o) = -6*c(o) + h(o). Calculate t(0).
-3
Let v(t) = -t**2 - 8*t - 5. Let m(a) = -5*a**2 - 5*a + 2. Let n be m(1). Determine v(n).
-5
Let h(k) be the first derivative of -k**2 - 3*k + 33. Give h(-4).
5
Let d be (-32)/(-6) - 1/3. Suppose d*p = -2 - 3. Let c be (p - (-1 - -2))/(-1). Let o(a) = -a**2 + a - 1. Give o(c).
-3
Let x(z) be the second derivative of 0 + z + 1/4*z**4 + 3/2*z**2 + 2/3*z**3. Determine x(-2).
7
Let s(l) = -1. Suppose 3*j = j - 2*u, -2*j = u - 1. Let m(w) = -4*w**2 + 3*w. Let v(r) = j*s(r) - m(r). Let p(i) be the first derivative of v(i). Give p(2).
13
Let p = 4 - -3. Let d(x) = x + 2. Let m(a) = -3*a - 6. Let u(l) = p*d(l) + 2*m(l). Let q be -8 + 19 - 2 - 5. Calculate u(q).
6
Suppose 3 = 4*n - 13. Let l(g) = -3*g**2 + 3*g**3 + 5 + 2*g + g - n*g**3 - 2. Calculate l(-4).
7
Let x(s) be the first derivative of s**3/3 + 2*s**2 - 5*s + 2. Determine x(-4).
-5
Let r(u) = u**2 + 6*u + 5. Let x be r(-6). Let c(z) be the second derivative of 3/2*z**2 - 3*z + 1/20*z**5 + 0 - 5/6*z**3 - 1/3*z**4. Determine c(x).
3
Let u(c) = c**3 - c**2 - 2*c. Let h = 12 + -10. Calculate u(h).
0
Let x(y) = y**2 - 1. Let q(l) = 11*l**2 + 2*l - 4. Let b(d) = d**3 - 2*d**2 - 3*d - 1. Let v be b(3). Let n(k) = v*q(k) + 5*x(k). Give n(-1).
-5
Let k(i) = i**3 + 4*i**2 - 2. Suppose 4*o - p - p + 14 = 0, -3*p = -o - 6. What is k(o)?
7
Let c(f) = -3 + 2*f - 2*f + 4*f - f**3 + 2*f**2. Suppose 0*r + 4*z = 2*r + 10, 5*r = -5*z + 5. Let b be r/(-4) + 11/4. Give c(b).
0
Let g(n) be the first derivative of -2*n**3/3 + 5*n**2/2 + 3*n + 1. Let r = -3 + 7. Calculate g(r).
-9
Let o = 16 - 8. Let d(z) = z**3 - 7*z**2 - 8*z - 4. Give d(o).
-4
Let m be 4/12 - 44/6. Let j = 8 + m. Let h(p) = 11*p**3 - 2*p + 1. Determine h(j).
10
Let v(x) = -2*x - 5. Let a be 56/(-12)*72/(-14). Let q = 20 - a. What is v(q)?
3
Suppose -3*n + 2*z + 71 = 0, 6*n - 96 = 2*n + 2*z. Let l(v) = 10*v**2 - n*v**2 + 6 + 14*v**2 - 4*v. Determine l(-5).
1
Suppose 4*n + 6*n = -40. Let p(s) = -s**3 - 3*s**2 + 5*s + 6. Calculate p(n).
2
Let y(u) be the second derivative of u**6/360 - u**5/40 - u**4/4 - u. Let k(o) be the third derivative of y(o). Give k(2).
1
Suppose 0 = -3*p - 0*p. Let c(g) = 0*g + 5 + g + p - 2. Calculate c(-4).
-1
Let r = -3 - -8. Let b(z) = -3*z**3 - 6*z**2 + 11*z - 9. Let k(n) = -n**3 + n - 2. Let u(x) = -b(x) + 4*k(x). Calculate u(r).
-9
Let m(u) = u**2 + 2*u - 5. Let x = -3 + -1. Let j be m(x). Let i(q) = -3*q - 4. Let c(h) = -2*h - 3. Let a(z) = -5*c(z) + 4*i(z). Calculate a(j).
-7
Suppose -n = 3*m + m + 8, -4*n - 2*m = -10. Let l(g) = -2*g + 2*g - n + 3*g - 2*g. Determine l(-3).
-7
Let z(x) be the third derivative of 0*x + 0 + 1/60*x**5 - x**2 - 1/12*x**4 - 5/6*x**3. Let k(r) = -4*r + 1. Let y be k(-1). What is z(y)?
10
Suppose 0*g - 3 = -3*g. Let i(m) = -m**2 - m + 1. Give i(g).
-1
Let x(r) be the second derivative of r**4/12 + r**3/3 + r**2/2 + r. Suppose 3*z + 6 = 4*y - 0, -3*z + 12 = 2*y. Suppose 2*w = -y - 3. Give x(w).
4
Let v(u) = 3*u**3 - 10*u**3 + 6*u + 1 + 6*u**2 + 7*u**2 + 3. Let s(f) = 3*f**3 - 6*f**2 - 3*f - 2. Let a(h) = 9*s(h) + 4*v(h). Calculate a(-2).
4
Suppose -2*k - 3*k + 20 = 0. Let o(d) = 1 - d**2 - 8*d + 3*d**2 + 2*d. Determine o(k).
9
Let q(l) be the second derivative of -l**5/20 - l**4/2 - l**3 - 2*l**2 + 9*l. Calculate q(-4).
-12
Suppose 5*g - 3*j = 3 + 11, j + 18 = 5*g. Let y(t) = -5*t**3 + g*t**3 - t + 6*t**2 - 2*t**2 - 1 - 1. Determine y(3).
4
Let m(c) = c - 19. Let h be 1/2*0*1/4. Calculate m(h).
-19
Let u be (-17)/68 - 3/4. Let c(t) = 19*t + 1. What is c(u)?
-18
Let z be 2/(1 - -1 - 1). Let p(l) = -1. Let i(f) = 5*f**2 - f + 1. Let b(n) = z*p(n) + i(n). Determine b(-1).
5
Let i be 0*(3 - (-14)/(-4)). Let q(x) be the third derivative of -x**6/120 - 2*x**3/3 + x**2. What is q(i)?
-4
Let o(h) = 4*h**2 - 2*h. Let x(u) = -3*u**2 + u - 1. Let a(d) = 4*o(d) + 5*x(d). Calculate a(5).
5
Let l(k) = -k**2 + k - 3 - 9*k + 5*k. Let t(x) = -2*x**2 - 7*x - 5. Suppose -y - 15 = 4*y. Let p(d) = y*t(d) + 5*l(d). What is p(-5)?
-5
Let y(a) = 3*a**2 - 8*a + 8. Let i(u) = -u**2 + 3*u - 3. Let p(g) = 11*i(g) + 4*y(g). Calculate p(-3).
5
Let j(f) = 7*f - 19. Let r(b) = -3*b + 10. Let q(c) = -2*j(c) - 5*r(c). Calculate q(6).
-6
Let i(f) = -4*f - 4*f + 2*f + 7*f - 12. Determine i(10).
-2
Let r(g) = 4*g**3 + 2*g**2 - 3*g. Let u(n) = -5*n**3 - 3*n**2 + 3*n - 1. Let h(z) = -4*r(z) - 3*u(z). Let l = 0 - -4. Suppose -l = v + v. Give h(v).
9
Let n(z) = 5*z**2 - z. Let j be (3/(-3) + 0)/1. What is n(j)?
6
Suppose -4*p - 5*h = -0*h + 17, p + 18 = -4*h. Let n(d) be the first derivative of d**4/4 - 2*d**3/3 - d + 1. Determine n(p).
-1
Let j(z) be the second derivative of -z**4/12 + z**3/2 - 3*z**2/2 - 10*z. Determine j(5).
-13
Let g(y) = -5*y**3 + 24*y**2 - 41*y + 11. Let z be -14 - (-12)/8*2. Let w(c) = -c**3 + 5*c**2 - 8*c + 2. Let a(n) = z*w(n) + 2*g(n). Give a(6).
0
Let x(y) be the third derivative of -7*y**4/24 + y**2 - 15. Calculate x(2).
-1